
What is 68 (base 15) in base 13?
77
What is 1000 (base 2) in base 3?
22
-113 (base 8) to base 3
-2210
Convert 222 (base 13) to base 10.
366
What is -25 (base 13) in base 2?
-11111
110 (base 4) to base 7
26
-21 (base 7) to base 8
-17
What is -12221 (base 3) in base 14?
-b6
What is 0 (base 5) in base 16?
0
Convert a2 (base 11) to base 5.
422
What is 1d (base 14) in base 6?
43
-2 (base 11) to base 9
-2
What is -22 (base 13) in base 14?
-20
What is 6 (base 13) in base 5?
11
63 (base 7) to base 2
101101
What is 11100 (base 3) in base 10?
117
What is -10 (base 2) in base 5?
-2
13 (base 13) to base 8
20
-3 (base 15) to base 8
-3
-9 (base 16) to base 9
-10
What is 1011010 (base 2) in base 12?
76
-21 (base 3) to base 12
-7
Convert 1 (base 15) to base 12.
1
Convert -2 (base 4) to base 8.
-2
-3b (base 12) to base 6
-115
4 (base 10) to base 13
4
Convert -11 (base 6) to base 4.
-13
-33 (base 14) to base 3
-1200
-1111111 (base 2) to base 11
-106
What is 74 (base 15) in base 2?
1101101
What is -b9 (base 16) in base 3?
-20212
5 (base 13) to base 7
5
Convert 134 (base 11) to base 3.
12212
-233 (base 4) to base 13
-38
What is -1 (base 9) in base 4?
-1
What is 94 (base 12) in base 3?
11011
Convert 21 (base 7) to base 8.
17
What is 2 (base 4) in base 16?
2
3a (base 12) to base 4
232
What is -12 (base 16) in base 2?
-10010
Convert -122 (base 14) to base 6.
-1014
What is 21 (base 4) in base 3?
100
Convert -2 (base 13) to base 3.
-2
Convert 27 (base 13) to base 12.
29
Convert -3 (base 4) to base 8.
-3
Convert -68 (base 15) to base 12.
-82
221 (base 6) to base 9
104
-81 (base 15) to base 5
-441
Convert -314 (base 5) to base 9.
-103
What is 4 (base 13) in base 10?
4
Convert 330 (base 4) to base 12.
50
Convert 134 (base 7) to base 5.
244
What is 1010 (base 2) in base 9?
11
Convert 1111001 (base 2) to base 14.
89
300 (base 8) to base 10
192
Convert 3 (base 4) to base 9.
3
1323 (base 5) to base 16
d5
1 (base 2) to base 16
1
What is -112 (base 7) in base 2?
-111010
What is 89 (base 11) in base 6?
241
Convert -11 (base 11) to base 14.
-c
-1004 (base 7) to base 10
-347
Convert 11 (base 5) to base 15.
6
What is -5 (base 13) in base 7?
-5
-6 (base 11) to base 8
-6
What is -4 (base 13) in base 14?
-4
10 (base 15) to base 5
30
-119 (base 11) to base 5
-1031
Convert 28 (base 10) to base 11.
26
4 (base 15) to base 10
4
What is 0 (base 10) in base 2?
0
What is -a5 (base 12) in base 15?
-85
Convert 31 (base 11) to base 12.
2a
What is -1 (base 11) in base 4?
-1
What is -10 (base 4) in base 3?
-11
2a (base 14) to base 12
32
-120 (base 3) to base 4
-33
Convert -11001010 (base 2) to base 11.
-174
-4 (base 10) to base 6
-4
Convert -4 (base 7) to base 3.
-11
-1 (base 5) to base 15
-1
Convert -4 (base 6) to base 15.
-4
-345 (base 6) to base 10
-137
Convert -c (base 14) to base 13.
-c
0 (base 9) to base 16
0
101010 (base 2) to base 10
42
What is -21 (base 7) in base 16?
-f
What is -46 (base 8) in base 15?
-28
Convert -35 (base 8) to base 5.
-104
What is -2 (base 4) in base 13?
-2
What is -5 (base 11) in base 15?
-5
Convert 101 (base 3) to base 8.
12
-10 (base 4) to base 11
-4
10 (base 5) to base 6
5
What is 0 (base 15) in base 13?
0
-202 (base 9) to base 12
-118
Convert 50 (base 7) to base 16.
23
What is -1 (base 5) in base 2?
-1
What is -e (base 15) in base 11?
-13
c (base 14) to base 6
20
What is -1 (base 8) in base 10?
-1
-2 (base 5) to base 2
-10
Convert -2 (base 4) to base 15.
-2
What is 38 (base 15) in base 3?
1222
5 (base 8) to base 2
101
What is 7 (base 14) in base 16?
7
Convert 23 (base 7) to base 6.
25
Convert 10 (base 4) to base 14.
4
-12 (base 8) to base 10
-10
What is 0 (base 9) in base 16?
0
Convert 5 (base 14) to base 15.
5
What is 115 (base 10) in base 3?
11021
3 (base 7) to base 13
3
-b (base 12) to base 9
-12
Convert 41 (base 5) to base 15.
16
Convert -4 (base 13) to base 7.
-4
Convert 102 (base 3) to base 13.
b
2c (base 13) to base 8
46
What is -1011 (base 2) in base 5?
-21
1 (base 2) to base 9
1
What is -3 (base 11) in base 13?
-3
Convert 1 (base 3) to base 16.
1
Convert 4 (base 10) to base 16.
4
Convert -5 (base 15) to base 4.
-11
-111 (base 5) to base 15
-21
Convert -65 (base 11) to base 4.
-1013
-220 (base 3) to base 16
-18
Convert -4 (base 13) to base 4.
-10
Convert -d (base 15) to base 12.
-11
-b (base 14) to base 11
-10
Convert 2 (base 9) to base 5.
2
What is -42 (base 15) in base 5?
-222
Convert -152 (base 10) to base 11.
-129
Convert 103 (base 14) to base 11.
171
-212 (base 5) to base 13
-45
Convert 52 (base 14) to base 7.
132
210 (base 8) to base 2
10001000
What is -54 (base 10) in base 12?
-46
What is -11221 (base 3) in base 16?
-85
What is 10101 (base 2) in base 11?
1a
Convert 0 (base 7) to base 11.
0
Convert 4 (base 8) to base 3.
11
What is 2 (base 11) in base 12?
2
Convert -62 (base 13) to base 5.
-310
5 (base 6) to base 15
5
What is -34 (base 10) in base 14?
-26
Convert -3 (base 12) to base 7.
-3
What is 4 (base 12) in base 13?
4
What is c6 (base 16) in base 8?
306
What is 2 (base 4) in base 3?
2
Convert 5 (base 8) to base 10.
5
What is 21 (base 4) in base 11?
9
What is 5 (base 11) in base 4?
11
Convert 111011 (base 2) to base 10.
59
80 (base 12) to base 10
96
12 (base 3) to base 13
5
Convert 1 (base 6) to base 2.
1
Convert -103 (base 4) to base 10.
-19
-8 (base 9) to base 14
-8
Convert 250 (base 6) to base 7.
204
What is -28 (base 9) in base 2?
-11010
What is -1 (base 2) in base 8?
-1
Convert -40 (base 16) to base 3.
-2101
Convert 0 (base 9) to base 14.
0
What is -1 (base 14) in base 4?
-1
What is -22 (base 8) in base 9?
-20
Convert 1 (base 14) to base 8.
1
22 (base 7) to base 9
17
194 (base 12) to base 8
400
-1000100 (base 2) to base 5
-233
Convert 120 (base 4) to base 10.
24
What is 3 (base 16) in base 2?
11
Convert 7 (base 13) to base 8.
7
6 (base 7) to base 3
20
Convert -10011 (base 2) to base 15.
-14
Convert 2 (base 9) to base 5.
2
What is 3 (base 7) in base 10?
3
Convert 79 (base 16) to base 3.
11111
-51 (base 6) to base 15
-21
What is -2 (base 8) in base 6?
-2
What is 6 (base 14) in base 10?
6
What is 43 (base 9) in base 11?
36
-100 (base 5) to base 4
-121
Convert -101111 (base 2) to base 13.
-38
What is 2 (base 5) in base 13?
2
-11 (base 7) to base 15
-8
Convert -1 (base 15) to base 6.
-1
1013 (base 5) to base 6
341
Convert 2a (base 11) to base 13.
26
What is 18 (base 15) in base 6?
35
3 (base 7) to base 13
3
Convert -175 (base 11) to base 4.
-3023
Convert 1 (base 6) to base 11.
1
What is -2 (base 12) in base 16?
-2
What is -6 (base 9) in base 13?
-6
Convert 5 (base 15) to base 10.
5
-3 (base 10) to base 12
-3
Convert -3 (base 13) to base 8.
-3
Convert -3d (base 15) to base 14.
-42
What is -4 (base 9) in base 4?
-10
-410 (base 6) to base 11
-127
3 (base 16) to base 2
11
-1 (base 9) to base 16
-1
-304 (base 6) to base 15
-77
What is -1 (base 14) in base 8?
-1
80 (base 12) to base 9
116
-32 (base 8) to base 2
-11010
What is -325 (base 6) in base 2?
-1111101
Convert 10000 (base 2) to base 13.
13
-16 (base 12) to base 11
-17
0 (base 14) to base 13
0
1 (base 11) to base 7
1
Convert -14 (base 6) to base 13.
-a
Convert -51 (base 7) to base 3.
-1100
What is 0 (base 2) in base 9?
0
4 (base 16) to base 11
4
Convert -2 (base 15) to base 10.
-2
What is 0 (base 6) in base 3?
0
8 (base 14) to base 16
8
Convert -3 (base 10) to base 9.
-3
Convert 98 (base 10) to base 7.
200
Convert 122 (base 3) to base 10.
17
Convert 100 (base 3) to base 7.
12
What is -5 (base 13) in base 15?
-5
Convert 197 (base 12) to base 7.
520
What is 3 (base 15) in base 8?
3
Convert 1104 (base 5) to base 4.
2122
What is 10 (base 11) in base 6?
15
What is -10 (base 8) in base 3?
-22
Convert 2 (base 10) to base 7.
2
Convert 33 (base 5) to base 11.
17
What is 4 (base 16) in base 5?
4
17 (base 8) to base 9
16
13 (base 11) to base 14
10
-2 (base 3) to base 15
-2
Convert 5 (base 16) to base 11.
5
120 (base 6) to base 16
30
What is 5e (base 15) in base 6?
225
What is -1010000 (base 2) in base 3?
-2222
Convert 44 (base 11) to base 4.
300
What is -1 (base 13) in base 8?
-1
-127 (base 9) to base 14
-78
-b7 (base 14) to base 11
-137
Convert 2 (base 7) to base 8.
2
What is -30 (base 4) in base 16?
-c
-b (base 16) to base 2
-1011
-1111000 (base 2) to base 6
-320
Convert 40 (base 16) to base 12.
54